i + 342 = 0, -5*k + 75 + 500 = -5*i. What is the greatest common factor of 16 and k?
16
Let j be 1/1*(-2)/2. Let w = j - -5. Let k be 475/w + (-2)/(-8). What is the greatest common factor of 17 and k?
17
Suppose 75 + 165 = 3*x. Let l = 26 + -16. What is the highest common factor of x and l?
10
Suppose 0 = -3*r - 15, -r - 64 = -p + 19. What is the greatest common divisor of p and 52?
26
Suppose -4*l + 4*a = a - 49, -l + 16 = -2*a. Let g be (-119)/(-35) + 6/l. What is the highest common divisor of g and 32?
4
Let k = 7 + -5. Suppose -13 - 5 = -k*u. Let g be (-148)/(-18) + (-2)/u. What is the greatest common divisor of 8 and g?
8
Let p(t) = -t**3 + 6*t**2 + t - 17. Let d be p(5). What is the highest common factor of 26 and d?
13
Suppose -276 + 3 = 3*s. Let t = s + 139. What is the highest common divisor of t and 12?
12
Suppose 0 = 2*l + 6 - 0. Let k be 0*l/9 - -2. Calculate the greatest common factor of 4 and k.
2
Let l = 101 + -159. Let h = l - -130. What is the highest common divisor of 9 and h?
9
Let n = 10 + -73. Suppose -7 - 34 = f. Let p = f - n. What is the greatest common factor of p and 33?
11
Suppose a - 3*a + 4 = 0. Suppose 3*z = 5*z - 28. Suppose z + 1 = 5*y. What is the highest common divisor of y and a?
1
Suppose -3*t - 1 = 2. Let q be t/1*(-14)/2. Suppose -3*z + c = -c - 99, -c + 178 = 5*z. What is the greatest common factor of q and z?
7
Let b be (-16 - 6/2)*-1. Calculate the highest common divisor of 76 and b.
19
Let o(p) = 3*p + 8. Let x be o(10). Suppose -3*q + 34 = -x. What is the highest common factor of q and 12?
12
Suppose -3*j - a - 2*a + 60 = 0, -5*j - 2*a + 103 = 0. Suppose 3 = 3*q + 4*w - j, q - w = 15. Calculate the highest common divisor of 96 and q.
12
Let m(l) = 5*l. Let z be m(1). Suppose -4*r = -148 + 8. What is the highest common divisor of r and z?
5
Let s(k) = k**3 - 9*k**2 + 5*k - 10. Let p be s(8). Let z = p - -70. What is the highest common divisor of z and 9?
9
Suppose -2*o + 406 = -3*l, -6*l + 2*l - 808 = -4*o. Calculate the greatest common factor of o and 40.
40
Let u be (-16)/(-8)*(-12)/(-2). Let b be 27 + 3*4/u. What is the highest common divisor of 14 and b?
14
Let p(b) = -b**2 + 8*b - 1. Let r be p(5). Suppose 0 = 6*k - 5*k + 5. Let j = 7 + k. What is the highest common divisor of j and r?
2
Suppose 329 = w + 3*p, 2*w + 2*p = -2*p + 652. Calculate the greatest common divisor of w and 32.
32
Let i be 18/(-24) + (-1)/4. Let w(b) = -6*b**3 + b**2. Let g be w(i). What is the greatest common factor of g and 21?
7
Let r(u) = -15*u**3 + 2*u - u**2 + 16*u**3 - 1 - 3. Let v be r(2). Calculate the highest common divisor of v and 28.
4
Let b(k) be the third derivative of 7*k**5/60 - k**4/4 + k**3/2 - 7*k**2. Let l be b(3). What is the greatest common factor of 12 and l?
12
Suppose 2*s - 40 - 99 = -3*i, -4*s + 308 = -4*i. What is the greatest common factor of s and 185?
37
Let v(k) = k**3 - 8*k**2 - 2*k + 6. Let j be v(9). What is the highest common divisor of j and 46?
23
Let y(f) = -f**3 + 2*f**3 + 7*f + 7*f**2 + 0*f**2 - 2 - f. Let o be y(-5). Calculate the highest common divisor of 72 and o.
18
Suppose o + 4*o - 420 = 0. Calculate the highest common divisor of 12 and o.
12
Let l = -6 - -8. Suppose y = -5*w + 23 + 16, -w = -4*y - 12. Calculate the highest common divisor of w and l.
2
Suppose 6*o = 238 + 14. What is the highest common divisor of o and 63?
21
Let z(y) = -y**2 - 25*y + 32. Let c be z(-22). Calculate the highest common divisor of 14 and c.
14
Suppose -46 = 2*y - 150. Suppose -4*m + 2*v = y - 280, 0 = -2*m + 2*v + 116. Calculate the highest common divisor of m and 8.
8
Let s be (0 - 1)/(2/(-6)). Suppose -5*v + 1 = -2*k, -s = v + 4*v - 4*k. Let f = -1 + 2. What is the highest common divisor of v and f?
1
Let r(h) = 2*h - 6. Let i be r(14). What is the highest common factor of i and 55?
11
Let j(d) = -d**3 - 2*d**2 + 5*d - 2. Let u be j(-4). Let l be (-2)/((2/50)/(-1)). What is the greatest common factor of u and l?
10
Suppose -12 - 8 = 4*z, 95 = x + 5*z. What is the highest common factor of 48 and x?
24
Suppose 0 = -3*f - 2*f + 945. What is the highest common factor of 21 and f?
21
Let b(k) = -4*k**3 - 5*k**2 + 2*k + 3. Let t be b(-4). What is the highest common factor of t and 19?
19
Suppose -j + 7 = -4*a + 19, 5*j + 9 = 3*a. Suppose y = -j*y + 48. Calculate the highest common divisor of y and 32.
16
Let m(x) = 3*x - 4. Let l be m(13). What is the highest common factor of l and 7?
7
Let a = -5 + 14. What is the highest common divisor of a and 63?
9
Suppose 3*h = 7*h. Suppose h = 4*t - 31 - 5. Suppose 0 = -6*r + r + 90. What is the highest common factor of r and t?
9
Let l(d) = -6 - d**2 - 3*d + 1 + 1 - d**3. Let p be l(-3). What is the greatest common factor of 69 and p?
23
Let z be (-10)/(4/6*-3). What is the highest common divisor of z and 30?
5
Suppose -4 - 24 = -4*u. Suppose -u = 5*z - 147. Suppose 0*l - 35 = -5*l. Calculate the greatest common divisor of l and z.
7
Suppose 22*y + 75 = 25*y. Calculate the highest common divisor of 5 and y.
5
Let l = -62 - -70. What is the highest common divisor of l and 40?
8
Let w(a) = -3*a - 2. Let o(u) = -13*u - 7. Let l(d) = 2*o(d) - 9*w(d). Let h be l(-3). Suppose -4*m + 15 = m. Calculate the greatest common factor of m and h.
1
Suppose 3*a - 26 - 22 = 0. Let h be ((-10)/(-3))/(a/456). Calculate the highest common factor of 38 and h.
19
Let u be 26/(3 + (-28)/12). What is the highest common divisor of 26 and u?
13
Let t(n) be the first derivative of 5/2*n**2 - 1 - 1/3*n**3 - n. Let a be t(4). Calculate the highest common divisor of 2 and a.
1
Let w(o) = -o**3 + 7*o**2 - 2*o + 8. Let d be w(7). Let z(m) = -m**3 - 6*m**2 - 2*m - 7. Let t be z(d). Calculate the highest common factor of 10 and t.
5
Suppose 0 = -7*i - 14*i + 14322. What is the greatest common factor of 62 and i?
62
Let z be (2 + -8)*(-15)/(-6). Let a be -105*((-24)/z - 2). Calculate the highest common divisor of 28 and a.
14
Let l(s) = -19*s - 1. Let n be l(-1). Calculate the highest common divisor of n and 72.
18
Suppose -5*y + 8 + 17 = 0. Suppose 0*v - y*v + 25 = 0, 3*n = v + 34. What is the greatest common factor of 52 and n?
13
Let j(o) = o**2 + o + 2. Let u be (12/8)/(6/16). Let m be j(u). What is the highest common factor of 55 and m?
11
Let y(p) = p**3 + 6*p**2 + 5*p - 3. Let l be y(-5). Let i be (-57)/(1*l) - 1. Calculate the highest common divisor of i and 72.
18
Suppose q - 2*q = 0. Suppose q = -4*s - 4*c + 33 - 9, 5*c - 6 = -2*s. What is the highest common factor of 20 and s?
4
Suppose 3*v - r - 52 = 0, 4*r = 5*r + 1. Calculate the greatest common factor of v and 119.
17
Suppose -p + 29 = -5*x, 0 = 3*p - 5*p + x + 13. Let z be 40/6 - (-16)/(-24). Calculate the highest common factor of p and z.
2
Let z(p) be the first derivative of p**3/3 - p**2 - 5*p + 7. Let a be z(4). What is the greatest common divisor of 15 and a?
3
Let n = 77 - -13. Calculate the greatest common factor of n and 10.
10
Let b be ((-64)/(-6))/((-8)/(-96)). Let z = -84 + b. What is the greatest common divisor of 110 and z?
22
Suppose 0 = 5*n + w + 3*w - 52, w = -n + 11. Let q = -3 + n. Let b(s) = 6*s**2 + 45. Let a be b(0). Calculate the highest common divisor of a and q.
5
Suppose -7*g + 9*g = 0. Suppose 2*s = g, 5*x - 37 = -4*s + 18. Calculate the greatest common divisor of x and 121.
11
Suppose 0*z + 4*a = -3*z + 243, 4*z - 2*a - 302 = 0. Calculate the greatest common factor of 11 and z.
11
Let a(i) = -22*i**3 - i**2 + 1. Let r be a(-1). Suppose -j + 0*f - 22 = -3*f, -2*j - 3*f = 80. Let d = j + 67. Calculate the greatest common factor of r and d.
11
Let j(g) = g**2 + 8*g - 2*g**2 - 2 - 2. Let f be j(6). What is the highest common divisor of f and 88?
8
Suppose 0 = -6*v - 96 + 768. What is the greatest common divisor of 14 and v?
14
Suppose 0 = -2*u + 5*v - 4, -4*u + 23 - 1 = 5*v. What is the greatest common factor of u and 33?
3
Let x(b) = -b**2 + 9*b + 13. Let k be x(9). Suppose 0 = -2*l + 4*v + 52, -2*l + 3*l - 5*v - 26 = 0. What is the greatest common divisor of l and k?
13
Let t = -147 - -231. Suppose 7*m = m + t. What is the highest common factor of 56 and m?
14
Let r = 3 - 12. Let x = 0 - r. What is the highest common divisor of x and 63?
9
Suppose 0 = -4*p + 2*m + 18, -19 = -2*p - 0*m + 3*m. Let i be